uppose -4*v = 5*r - 37, 5*r + y*v + v - 43 = 0. Calculate the remainder when z is divided by r.
6
Let t(v) = 2*v + 3*v**2 + 0*v + 3 + v**3 - 6*v. Calculate the remainder when 12 is divided by t(-4).
0
Suppose 4 = 3*g - 5. Calculate the remainder when 6 is divided by g.
0
Calculate the remainder when (1 + 1)/6 - 175/(-15) is divided by 7.
5
Let r = -8 + 15. What is the remainder when 13 is divided by r?
6
Suppose 8 = 4*l - 0*i - 4*i, -l - 4*i + 12 = 0. Let m = l - 2. Let d(v) = 2*v + 1. Calculate the remainder when 9 is divided by d(m).
4
Let t(i) = i**2 - i - 11. Let c be t(-5). Let k = c - 11. What is the remainder when k is divided by 2?
0
Suppose 3*u = -49 + 238. Calculate the remainder when u is divided by 13.
11
Suppose 0 = 4*w - 2*h - 62, 59 = 5*w - 2*h - 21. Let g(a) = -a**3 + 4*a**2 - 2*a + 3. Calculate the remainder when w is divided by g(2).
4
Suppose 5*f = c + 2, -1 = -2*c + 5*f - 0. Suppose r + c*r = 200. Calculate the remainder when r is divided by 17.
16
Suppose 107 = 4*o + 2*u - 3*u, 2*o = -u + 55. What is the remainder when 52 is divided by o?
25
Let h = -8 + 13. Suppose 6 = h*s - 3*j, 0 = -4*s - 2*j - 2 - 2. Let k(r) = r**2 + r + 9. What is the remainder when k(s) is divided by 5?
4
Let g(p) = p**3 - 7*p**2 - 9*p - 1. Let h be g(8). Suppose 2*u + 41 - 3 = 0. Calculate the remainder when 56 is divided by (u/(-3))/((-3)/h).
18
Let j be (2/10)/((-18)/90). Calculate the remainder when -2 + j + 2 + 37 is divided by 10.
6
Suppose -10 = h - 93. Calculate the remainder when h is divided by 42.
41
Let u(l) = l**3 + 2*l + 5. Let m(t) = -t**2 - t. Let o(z) = 4*m(z) - u(z). Calculate the remainder when 56 is divided by o(-4).
18
Suppose -a + 6 = 1. Let c be a*(213/5 + -1). Suppose -2*j = -6*j + c. What is the remainder when j is divided by 18?
16
Suppose -5*r + 25 = -0. What is the remainder when 18 is divided by r?
3
Suppose 0 = k + 4*h - 86, 2*k - 3*h - 198 = 2*h. What is the remainder when k is divided by 7?
3
Calculate the remainder when -1 - 44/(-6) - (-4)/(-12) is divided by (6/9)/(4/18).
0
Let u(p) = p**2 - 5*p + 5. Let i be u(5). Suppose 2*d - 38 = i*z, -1 = -2*z - 5. What is the remainder when 26 is divided by d?
12
Suppose -4 = 4*h - 0. Let m = 5 + h. Let p = m + 15. What is the remainder when p is divided by 10?
9
Let c(b) = -b - 4. Let a be c(-7). Suppose -26 = j - a*j. Calculate the remainder when 24 is divided by j.
11
Suppose 10*t + 83 - 343 = 0. Calculate the remainder when 102 is divided by t.
24
Let o(x) = x**2 + x. Calculate the remainder when o(2) is divided by 34/8 + 4/(-16).
2
Let w(p) = -p**3 + 7*p**2 - 2*p. Calculate the remainder when w(5) is divided by 14.
12
Suppose -5*u = -46 + 6. Suppose 0 = -a + 3*a - u. Suppose -4*g + 71 = -j, -j = -g + a*j + 32. Calculate the remainder when 33 is divided by g.
16
Calculate the remainder when 8 is divided by (-1 + 4 - 2)/1.
0
What is the remainder when 30 is divided by ((-3)/(-3) - 1) + 11?
8
Let n(g) = -3*g**2 - 21*g - 5. Calculate the remainder when 97 is divided by n(-5).
22
Suppose -i + 18 = -41. Let j(f) = 7*f**2 - 2*f - 4. Let r(k) = 8*k**2 - k - 4. Let u(n) = -7*j(n) + 6*r(n). Calculate the remainder when i is divided by u(4).
19
Let d(w) = w**2 - 2*w + 1. Let u be d(-11). Suppose h - 130 = -3*h - 5*m, 0 = 5*h - 3*m - u. What is the remainder when h is divided by 16?
14
Let i = -8 + 13. Let y be (-2)/(-6) + (-355)/(-15). Suppose -5*w = -7*w + y. What is the remainder when w is divided by i?
2
Let l = -118 + 299. Calculate the remainder when l is divided by 31.
26
Suppose 0 = -3*n - 5*c + 45, -2*n + 17 = -0*c - c. What is the remainder when 39 is divided by n?
9
Let l(s) = s**3 - 11*s**2 + 11*s + 8. What is the remainder when l(10) is divided by 5?
3
Suppose 5*f = f + 60. What is the remainder when 57 is divided by f?
12
Calculate the remainder when 18*(36/(-8) - -2)*-1 is divided by 12.
9
Let h = -12 - -41. What is the remainder when h is divided by 6?
5
Let i be (-1)/(-4) - (-60)/16. Suppose 3*m - 5 = -i*r, 2*r - 18 = 4*m + 12. Let j(t) = -t - 2. What is the remainder when 7 is divided by j(m)?
1
Let z(f) = -f - 5. Let a be z(-8). Suppose 5*i = -a*k + 51, 2*k - i - 21 = -0*i. Suppose -18 - 117 = -3*o. What is the remainder when o is divided by k?
9
Suppose -4*q + q - 17 = -2*l, l = -5*q + 28. Suppose o - 16 = -3*o. Calculate the remainder when l is divided by o.
1
Suppose 5*k + 33 = 128. What is the remainder when k is divided by 7?
5
Let u(g) = g**3 + 3*g**2 + g + 2. Let j be u(-3). Let a = 13 + j. What is the remainder when a is divided by (-15)/(-2) + 1/(-2)?
5
Let j = 86 + -23. Calculate the remainder when j is divided by 13.
11
Calculate the remainder when 444/22 - (-26)/(-143) is divided by 11.
9
Let l(g) = -g + 10. Let k be l(5). Suppose -4 + 37 = 4*s + w, k*w = 4*s - 3. What is the remainder when s is divided by 3?
1
Let q be (15/(-6))/((-2)/4). Suppose -q*d = 25, -11 = -v + 3*d + 6. What is the remainder when 6 is divided by v?
0
Let m = -12 + 16. Calculate the remainder when m is divided by 3.
1
Let j = 57 + -138. Let i = j + 115. Calculate the remainder when i is divided by 1 - 11*(-2 + 1).
10
Let l = 4 + 0. Suppose 3*k = -2*n + 41, k - l*k = -5*n - 13. What is the remainder when (-250)/(-8) - 13/52 is divided by k?
9
Suppose -2*w - 21 = r - 93, -r + 100 = -5*w. What is the remainder when r is divided by 12?
8
Suppose -5*t = -36 + 6. Let m(y) = -y + 8. Suppose -3*i + 2*i = -1. Calculate the remainder when m(t) is divided by i.
0
Let t = -5 + 8. Suppose t*l - 11 = 328. Suppose -4*q + 79 = 4*f - 145, -2*f + l = 3*q. Calculate the remainder when f is divided by 19.
17
Suppose 0 = -4*f + 2*f + 8. Let n be 6/15 - 188/(-5). Let c = f + n. Calculate the remainder when c is divided by 22.
20
Let k(r) = r**3 + 15*r**2 + 10*r - 24. What is the remainder when k(-14) is divided by 7?
4
Calculate the remainder when 197/13 - (33/(-39) + 1) is divided by 6.
3
Let d be (-125)/(-20) - (-2)/(-8). Let q(f) = 2*f**2 - 8*f - 1. Calculate the remainder when 67 is divided by q(d).
21
Calculate the remainder when (-2)/(192/99 + -2) is divided by 12.
9
Let j = 22 + -12. Calculate the remainder when 118 is divided by j.
8
Let y(s) = -s**2 - 6*s + 50. Suppose -6*t + 8 = -2*t. Suppose 0 = 4*v - 8, -h - 186 = -6*h + t*v. Calculate the remainder when h is divided by y(-10).
8
Suppose q + 111 = 4*q + 5*j, 37 = q + 2*j. Calculate the remainder when q is divided by 20.
17
Let g = 62 + -33. What is the remainder when 85 is divided by g?
27
Suppose -g + 12 = 3*k, -3*g = -6*g - 9. What is the remainder when 544/30 - (-6)/(-45) is divided by k?
3
Let d(o) = -9*o - 3. Calculate the remainder when 14 is divided by d(-1).
2
Let w(t) = t - 6. Let g be w(7). Let p(u) = -2*u - 5*u + g - 2*u. Calculate the remainder when 28 is divided by p(-1).
8
Let o = -12 - -18. Let w(p) = -p**2 + 8*p + 1. Let b(h) = -h**3 - h**2 + 37. Calculate the remainder when b(0) is divided by w(o).
11
Suppose 0*v + 33 = 3*y + 3*v, 0 = 5*v. What is the remainder when 75 is divided by y?
9
Let r(n) = n**3 + 5*n**2 - 6*n - 4. Let h be r(-6). Let i(d) = -d**2 - 8*d + 2. Calculate the remainder when 52 is divided by i(h).
16
Suppose s - 2 = -6. Calculate the remainder when 9 is divided by (3/(-3))/(s/16).
1
Suppose 6*f - 12 = 2*f. Suppose f*m - 15 = 0, m + 3*m + 6 = 2*v. What is the remainder when v is divided by 8?
5
Suppose 2*u = 89 + 11. Calculate the remainder when u is divided by ((-13)/3)/((-8)/24).
11
Calculate the remainder when 0/(-1) + (38 - -3) is divided by 14.
13
Let n be -2 - 6/(-2) - 0. What is the remainder when n*(13 + 0)*2 is divided by 7?
5
Suppose -71 = -2*o + 23. Suppose 0 = -4*x + 20 + 44. What is the remainder when o is divided by x?
15
Let a = 29 + -17. Suppose 2*g + 5*z + 47 = 3*g, 0 = -z. What is the remainder when g is divided by a?
11
Let w(j) = j - 4. Let o = 31 + -26. Calculate the remainder when o is divided by w(6).
1
Suppose -3*q = q - 48. Suppose 2*t - 2*m - 3*m - 5 = 0, -4*m = -q. Let w = 32 + 5. What is the remainder when w is divided by t?
7
Let s be (-4)/6*(-3)/2. Suppose -s + 2 = -2*f + v, 3 = -3*f + 2*v. What is the remainder when 3 is divided by f?
0
Let n(y) = y**3 + 17*y**2 - 41*y - 25. What is the remainder when 221 is divided by n(-19)?
29
What is the remainder when 25 is divide